{"id":920,"date":"2021-12-12T21:23:23","date_gmt":"2021-12-12T18:23:23","guid":{"rendered":"https:\/\/gustofood.net\/?post_type=product&#038;p=920"},"modified":"2021-12-22T01:19:08","modified_gmt":"2021-12-21T22:19:08","slug":"unagi","status":"publish","type":"product","link":"https:\/\/gustofood.net\/?product=unagi","title":{"rendered":"Unagi"},"content":{"rendered":"<div><span style=\"font-family: Verdana\"><span>Olgun g\u00fcm\u00fc\u015f y\u0131lan bal\u0131klar\u0131ndan se\u00e7ti\u011fimiz, uzun s\u00fcreli ve me\u015fakatli bir marinasyon s\u00fcrecinin ard\u0131ndan a\u011fa\u00e7larla dumanlayarak, f\u00fcme y\u0131lan bal\u0131\u011f\u0131m\u0131za ince, tatl\u0131 ama yo\u011fun bir tat veriyoruz.5000 y\u0131ll\u0131k tarihi olan bu \u00fcr\u00fcn Gusto SeaFood tecr\u00fcbesiyle sizlerle bulu\u015fuyor<\/span><\/span><\/div>\n","protected":false},"excerpt":{"rendered":"<p>Olgun g\u00fcm\u00fc\u015f y\u0131lan bal\u0131klar\u0131ndan se\u00e7ti\u011fimiz, uzun s\u00fcreli ve me\u015fakatli bir marinasyon s\u00fcrecinin ard\u0131ndan a\u011fa\u00e7larla dumanlayarak, f\u00fcme y\u0131lan bal\u0131\u011f\u0131m\u0131za ince, tatl\u0131 ama yo\u011fun bir tat veriyoruz.5000 y\u0131ll\u0131k tarihi olan bu \u00fcr\u00fcn Gusto SeaFood tecr\u00fcbesiyle sizlerle bulu\u015fuyor<\/p>\n","protected":false},"featured_media":1063,"comment_status":"open","ping_status":"closed","template":"","meta":[],"product_brand":[],"product_cat":[36],"product_tag":[51],"class_list":{"0":"post-920","1":"product","2":"type-product","3":"status-publish","4":"has-post-thumbnail","6":"product_cat-baliklar","7":"product_tag-unagi","9":"first","10":"instock","11":"taxable","12":"shipping-taxable","13":"product-type-simple"},"aioseo_notices":[],"_links":{"self":[{"href":"https:\/\/gustofood.net\/index.php?rest_route=\/wp\/v2\/product\/920","targetHints":{"allow":["GET"]}}],"collection":[{"href":"https:\/\/gustofood.net\/index.php?rest_route=\/wp\/v2\/product"}],"about":[{"href":"https:\/\/gustofood.net\/index.php?rest_route=\/wp\/v2\/types\/product"}],"replies":[{"embeddable":true,"href":"https:\/\/gustofood.net\/index.php?rest_route=%2Fwp%2Fv2%2Fcomments&post=920"}],"version-history":[{"count":0,"href":"https:\/\/gustofood.net\/index.php?rest_route=\/wp\/v2\/product\/920\/revisions"}],"wp:featuredmedia":[{"embeddable":true,"href":"https:\/\/gustofood.net\/index.php?rest_route=\/wp\/v2\/media\/1063"}],"wp:attachment":[{"href":"https:\/\/gustofood.net\/index.php?rest_route=%2Fwp%2Fv2%2Fmedia&parent=920"}],"wp:term":[{"taxonomy":"product_brand","embeddable":true,"href":"https:\/\/gustofood.net\/index.php?rest_route=%2Fwp%2Fv2%2Fproduct_brand&post=920"},{"taxonomy":"product_cat","embeddable":true,"href":"https:\/\/gustofood.net\/index.php?rest_route=%2Fwp%2Fv2%2Fproduct_cat&post=920"},{"taxonomy":"product_tag","embeddable":true,"href":"https:\/\/gustofood.net\/index.php?rest_route=%2Fwp%2Fv2%2Fproduct_tag&post=920"}],"curies":[{"name":"wp","href":"https:\/\/api.w.org\/{rel}","templated":true}]}}