{"id":925,"date":"2021-12-12T21:26:21","date_gmt":"2021-12-12T18:26:21","guid":{"rendered":"https:\/\/gustofood.net\/?post_type=product&#038;p=925"},"modified":"2021-12-22T01:33:10","modified_gmt":"2021-12-21T22:33:10","slug":"kilic-baligi","status":"publish","type":"product","link":"https:\/\/gustofood.net\/?product=kilic-baligi","title":{"rendered":"K\u0131l\u0131\u00e7 Bal\u0131\u011f\u0131"},"content":{"rendered":"<p>Il\u0131man a\u00e7\u0131k denizlerde ya\u015fam\u0131n\u0131 s\u00fcrd\u00fcren k\u0131l\u0131\u00e7 bal\u0131\u011f\u0131, \u00fclkemizde Ege ve Akdeniz ba\u015fta olmak \u00fczere Karadeniz ve Marmara\u2019da, bunun d\u0131\u015f\u0131nda Pasifik Okyanusu ve Hint Okyanusu\u2019nda da k\u0131l\u0131\u00e7 bal\u0131\u011f\u0131na rastlan\u0131r. Y\u00fcksek miktarda protein, fosfor, selenyum, B vitamini, potasyum ve omega-3 i\u00e7eren k\u0131l\u0131\u00e7 bal\u0131\u011f\u0131 Gusto Seafood lezzetiyle sizlerle.<\/p>\n","protected":false},"excerpt":{"rendered":"<p>Il\u0131man a\u00e7\u0131k denizlerde ya\u015fam\u0131n\u0131 s\u00fcrd\u00fcren k\u0131l\u0131\u00e7 bal\u0131\u011f\u0131, \u00fclkemizde Ege ve Akdeniz ba\u015fta olmak \u00fczere Karadeniz ve Marmara\u2019da, bunun d\u0131\u015f\u0131nda Pasifik Okyanusu ve Hint Okyanusu\u2019nda da k\u0131l\u0131\u00e7 bal\u0131\u011f\u0131na rastlan\u0131r. Y\u00fcksek miktarda protein, fosfor, selenyum, B vitamini, potasyum ve omega-3 i\u00e7eren k\u0131l\u0131\u00e7 bal\u0131\u011f\u0131 Gusto Seafood lezzetiyle sizlerle.<\/p>\n","protected":false},"featured_media":1067,"comment_status":"open","ping_status":"closed","template":"","meta":[],"product_brand":[],"product_cat":[36],"product_tag":[53,57],"class_list":{"0":"post-925","1":"product","2":"type-product","3":"status-publish","4":"has-post-thumbnail","6":"product_cat-baliklar","7":"product_tag-balik","8":"product_tag-kilic-baligi","10":"first","11":"instock","12":"taxable","13":"shipping-taxable","14":"product-type-simple"},"aioseo_notices":[],"_links":{"self":[{"href":"https:\/\/gustofood.net\/index.php?rest_route=\/wp\/v2\/product\/925","targetHints":{"allow":["GET"]}}],"collection":[{"href":"https:\/\/gustofood.net\/index.php?rest_route=\/wp\/v2\/product"}],"about":[{"href":"https:\/\/gustofood.net\/index.php?rest_route=\/wp\/v2\/types\/product"}],"replies":[{"embeddable":true,"href":"https:\/\/gustofood.net\/index.php?rest_route=%2Fwp%2Fv2%2Fcomments&post=925"}],"version-history":[{"count":0,"href":"https:\/\/gustofood.net\/index.php?rest_route=\/wp\/v2\/product\/925\/revisions"}],"wp:featuredmedia":[{"embeddable":true,"href":"https:\/\/gustofood.net\/index.php?rest_route=\/wp\/v2\/media\/1067"}],"wp:attachment":[{"href":"https:\/\/gustofood.net\/index.php?rest_route=%2Fwp%2Fv2%2Fmedia&parent=925"}],"wp:term":[{"taxonomy":"product_brand","embeddable":true,"href":"https:\/\/gustofood.net\/index.php?rest_route=%2Fwp%2Fv2%2Fproduct_brand&post=925"},{"taxonomy":"product_cat","embeddable":true,"href":"https:\/\/gustofood.net\/index.php?rest_route=%2Fwp%2Fv2%2Fproduct_cat&post=925"},{"taxonomy":"product_tag","embeddable":true,"href":"https:\/\/gustofood.net\/index.php?rest_route=%2Fwp%2Fv2%2Fproduct_tag&post=925"}],"curies":[{"name":"wp","href":"https:\/\/api.w.org\/{rel}","templated":true}]}}