{"id":926,"date":"2021-12-12T21:26:54","date_gmt":"2021-12-12T18:26:54","guid":{"rendered":"https:\/\/gustofood.net\/?post_type=product&#038;p=926"},"modified":"2021-12-22T12:53:06","modified_gmt":"2021-12-22T09:53:06","slug":"istakoz","status":"publish","type":"product","link":"https:\/\/gustofood.net\/?product=istakoz","title":{"rendered":"Istakoz"},"content":{"rendered":"<p><span>Istakozlar, s\u0131cak ve \u0131l\u0131man denizlerin ta\u015fl\u0131k, kayal\u0131k yerlerinde ya\u015fayan, denizlerimizde de bol olarak bulunan, bal\u0131k sofralar\u0131n\u0131n vazge\u00e7ilmezi olan \u0131stakoz Gusto SeaFood inceli\u011fiyle sizlerle<\/span><\/p>\n","protected":false},"excerpt":{"rendered":"<p>Istakozlar, s\u0131cak ve \u0131l\u0131man denizlerin ta\u015fl\u0131k, kayal\u0131k yerlerinde ya\u015fayan, denizlerimizde de bol olarak bulunan, bal\u0131k sofralar\u0131n\u0131n vazge\u00e7ilmezi olan \u0131stakoz Gusto SeaFood inceli\u011fiyle sizlerle<\/p>\n","protected":false},"featured_media":1062,"comment_status":"open","ping_status":"closed","template":"","meta":[],"product_brand":[],"product_cat":[35],"product_tag":[58],"class_list":{"0":"post-926","1":"product","2":"type-product","3":"status-publish","4":"has-post-thumbnail","6":"product_cat-istakozlar","7":"product_tag-istakoz","9":"first","10":"instock","11":"taxable","12":"shipping-taxable","13":"product-type-simple"},"aioseo_notices":[],"_links":{"self":[{"href":"https:\/\/gustofood.net\/index.php?rest_route=\/wp\/v2\/product\/926","targetHints":{"allow":["GET"]}}],"collection":[{"href":"https:\/\/gustofood.net\/index.php?rest_route=\/wp\/v2\/product"}],"about":[{"href":"https:\/\/gustofood.net\/index.php?rest_route=\/wp\/v2\/types\/product"}],"replies":[{"embeddable":true,"href":"https:\/\/gustofood.net\/index.php?rest_route=%2Fwp%2Fv2%2Fcomments&post=926"}],"version-history":[{"count":0,"href":"https:\/\/gustofood.net\/index.php?rest_route=\/wp\/v2\/product\/926\/revisions"}],"wp:featuredmedia":[{"embeddable":true,"href":"https:\/\/gustofood.net\/index.php?rest_route=\/wp\/v2\/media\/1062"}],"wp:attachment":[{"href":"https:\/\/gustofood.net\/index.php?rest_route=%2Fwp%2Fv2%2Fmedia&parent=926"}],"wp:term":[{"taxonomy":"product_brand","embeddable":true,"href":"https:\/\/gustofood.net\/index.php?rest_route=%2Fwp%2Fv2%2Fproduct_brand&post=926"},{"taxonomy":"product_cat","embeddable":true,"href":"https:\/\/gustofood.net\/index.php?rest_route=%2Fwp%2Fv2%2Fproduct_cat&post=926"},{"taxonomy":"product_tag","embeddable":true,"href":"https:\/\/gustofood.net\/index.php?rest_route=%2Fwp%2Fv2%2Fproduct_tag&post=926"}],"curies":[{"name":"wp","href":"https:\/\/api.w.org\/{rel}","templated":true}]}}