{"id":930,"date":"2021-12-12T21:29:27","date_gmt":"2021-12-12T18:29:27","guid":{"rendered":"https:\/\/gustofood.net\/?post_type=product&#038;p=930"},"modified":"2021-12-22T00:57:22","modified_gmt":"2021-12-21T21:57:22","slug":"ikura-kirmizi-havyar","status":"publish","type":"product","link":"https:\/\/gustofood.net\/?product=ikura-kirmizi-havyar","title":{"rendered":"Ikura (K\u0131rm\u0131z\u0131 Havyar)"},"content":{"rendered":"<p><span>Hazar denizi\u2019nde ya\u015fayan mersin bal\u0131\u011f\u0131\u00a0<\/span><span>ve bir mersin bal\u0131\u011f\u0131 t\u00fcr\u00fc olan \u00e7irozdan\u00a0<\/span><span>elde edilen yumurtalard\u0131r.<\/span><\/p>\n<p>Ikura (K\u0131rm\u0131z\u0131 Havyar) i\u00e7inde bulundurdu\u011fu y\u00fcksek kalsiyum ve proteinle sofralar\u0131n\u0131z\u0131n vazge\u00e7ilmeyeni olmak i\u00e7in Gusto SeaFood arac\u0131l\u0131\u011f\u0131yla sizlerle bulu\u015fuyor<\/p>\n","protected":false},"excerpt":{"rendered":"<p>Hazar denizi\u2019nde ya\u015fayan mersin bal\u0131\u011f\u0131\u00a0ve bir mersin bal\u0131\u011f\u0131 t\u00fcr\u00fc olan \u00e7irozdan\u00a0elde edilen yumurtalard\u0131r. Ikura (K\u0131rm\u0131z\u0131 Havyar) i\u00e7inde bulundurdu\u011fu y\u00fcksek kalsiyum ve proteinle sofralar\u0131n\u0131z\u0131n vazge\u00e7ilmeyeni olmak i\u00e7in Gusto SeaFood arac\u0131l\u0131\u011f\u0131yla sizlerle bulu\u015fuyor<\/p>\n","protected":false},"featured_media":941,"comment_status":"open","ping_status":"closed","template":"","meta":[],"product_brand":[],"product_cat":[38],"product_tag":[61,62,63],"class_list":{"0":"post-930","1":"product","2":"type-product","3":"status-publish","4":"has-post-thumbnail","6":"product_cat-havyar","7":"product_tag-havyar","8":"product_tag-ikura","9":"product_tag-kirmizi-havyar","11":"first","12":"instock","13":"taxable","14":"shipping-taxable","15":"product-type-simple"},"aioseo_notices":[],"_links":{"self":[{"href":"https:\/\/gustofood.net\/index.php?rest_route=\/wp\/v2\/product\/930","targetHints":{"allow":["GET"]}}],"collection":[{"href":"https:\/\/gustofood.net\/index.php?rest_route=\/wp\/v2\/product"}],"about":[{"href":"https:\/\/gustofood.net\/index.php?rest_route=\/wp\/v2\/types\/product"}],"replies":[{"embeddable":true,"href":"https:\/\/gustofood.net\/index.php?rest_route=%2Fwp%2Fv2%2Fcomments&post=930"}],"version-history":[{"count":0,"href":"https:\/\/gustofood.net\/index.php?rest_route=\/wp\/v2\/product\/930\/revisions"}],"wp:featuredmedia":[{"embeddable":true,"href":"https:\/\/gustofood.net\/index.php?rest_route=\/wp\/v2\/media\/941"}],"wp:attachment":[{"href":"https:\/\/gustofood.net\/index.php?rest_route=%2Fwp%2Fv2%2Fmedia&parent=930"}],"wp:term":[{"taxonomy":"product_brand","embeddable":true,"href":"https:\/\/gustofood.net\/index.php?rest_route=%2Fwp%2Fv2%2Fproduct_brand&post=930"},{"taxonomy":"product_cat","embeddable":true,"href":"https:\/\/gustofood.net\/index.php?rest_route=%2Fwp%2Fv2%2Fproduct_cat&post=930"},{"taxonomy":"product_tag","embeddable":true,"href":"https:\/\/gustofood.net\/index.php?rest_route=%2Fwp%2Fv2%2Fproduct_tag&post=930"}],"curies":[{"name":"wp","href":"https:\/\/api.w.org\/{rel}","templated":true}]}}